{"id":20,"date":"2024-01-22T18:12:40","date_gmt":"2024-01-22T17:12:40","guid":{"rendered":"https:\/\/osadamiodmalina.pl\/?page_id=20"},"modified":"2025-04-16T13:38:00","modified_gmt":"2025-04-16T11:38:00","slug":"udogodnienia","status":"publish","type":"page","link":"https:\/\/osadamiodmalina.pl\/index.php\/udogodnienia\/","title":{"rendered":"Udogodnienia"},"content":{"rendered":"\t\t<div data-elementor-type=\"wp-page\" data-elementor-id=\"20\" class=\"elementor elementor-20\">\n\t\t\t\t<div class=\"elementor-element elementor-element-9a5b092 e-flex e-con-boxed e-con e-parent\" data-id=\"9a5b092\" data-element_type=\"container\" data-e-type=\"container\" data-settings=\"{&quot;background_background&quot;:&quot;classic&quot;}\">\n\t\t\t\t\t<div class=\"e-con-inner\">\n\t\t\t\t<div class=\"elementor-element elementor-element-6952989 elementor-widget elementor-widget-heading\" data-id=\"6952989\" data-element_type=\"widget\" data-e-type=\"widget\" data-widget_type=\"heading.default\">\n\t\t\t\t<div class=\"elementor-widget-container\">\n\t\t\t\t\t<h1 class=\"elementor-heading-title elementor-size-default\">MI\u00d3D MALINA<\/h1>\t\t\t\t<\/div>\n\t\t\t\t<\/div>\n\t\t\t\t<div class=\"elementor-element elementor-element-08e792a elementor-widget elementor-widget-heading\" data-id=\"08e792a\" data-element_type=\"widget\" data-e-type=\"widget\" data-widget_type=\"heading.default\">\n\t\t\t\t<div class=\"elementor-widget-container\">\n\t\t\t\t\t<h5 class=\"elementor-heading-title elementor-size-default\">OSADA ISTEBNA<\/h5>\t\t\t\t<\/div>\n\t\t\t\t<\/div>\n\t\t\t\t<div class=\"elementor-element elementor-element-e7e0ad4 elementor-align-center elementor-widget elementor-widget-elementskit-button\" data-id=\"e7e0ad4\" data-element_type=\"widget\" data-e-type=\"widget\" data-widget_type=\"elementskit-button.default\">\n\t\t\t\t<div class=\"elementor-widget-container\">\n\t\t\t\t\t<div class=\"ekit-wid-con\" >\t\t<div class=\"ekit-btn-wraper\">\n\t\t\t\t\t\t\t<a href=\"#udogodnienia\" class=\"elementskit-btn  whitespace--normal\" id=\"\">\n\t\t\t\t\tZOBACZ WI\u0118CEJ\t\t\t\t<\/a>\n\t\t\t\t\t<\/div>\n        <\/div>\t\t\t\t<\/div>\n\t\t\t\t<\/div>\n\t\t\t\t\t<\/div>\n\t\t\t\t<\/div>\n\t\t<div class=\"elementor-element elementor-element-77e2d33 e-flex e-con-boxed e-con e-parent\" data-id=\"77e2d33\" data-element_type=\"container\" data-e-type=\"container\" id=\"udogodnienia\">\n\t\t\t\t\t<div class=\"e-con-inner\">\n\t\t<div class=\"elementor-element elementor-element-b75dbfe e-con-full e-transform e-flex e-con e-child\" data-id=\"b75dbfe\" data-element_type=\"container\" data-e-type=\"container\" data-settings=\"{&quot;background_background&quot;:&quot;classic&quot;,&quot;_transform_scale_effect_hover&quot;:{&quot;unit&quot;:&quot;px&quot;,&quot;size&quot;:1.1,&quot;sizes&quot;:[]},&quot;_transform_scale_effect_hover_tablet&quot;:{&quot;unit&quot;:&quot;px&quot;,&quot;size&quot;:&quot;&quot;,&quot;sizes&quot;:[]},&quot;_transform_scale_effect_hover_mobile&quot;:{&quot;unit&quot;:&quot;px&quot;,&quot;size&quot;:&quot;&quot;,&quot;sizes&quot;:[]}}\">\n\t\t\t\t<div class=\"elementor-element elementor-element-b29a9c0 elementor-widget elementor-widget-heading\" data-id=\"b29a9c0\" data-element_type=\"widget\" data-e-type=\"widget\" data-widget_type=\"heading.default\">\n\t\t\t\t<div class=\"elementor-widget-container\">\n\t\t\t\t\t<p class=\"elementor-heading-title elementor-size-default\">NARCIARNIA<\/p>\t\t\t\t<\/div>\n\t\t\t\t<\/div>\n\t\t\t\t<\/div>\n\t\t<div class=\"elementor-element elementor-element-d5e8256 e-con-full e-transform e-flex e-con e-child\" data-id=\"d5e8256\" data-element_type=\"container\" data-e-type=\"container\" data-settings=\"{&quot;background_background&quot;:&quot;classic&quot;,&quot;_transform_scale_effect_hover&quot;:{&quot;unit&quot;:&quot;px&quot;,&quot;size&quot;:1.1,&quot;sizes&quot;:[]},&quot;_transform_scale_effect_hover_tablet&quot;:{&quot;unit&quot;:&quot;px&quot;,&quot;size&quot;:&quot;&quot;,&quot;sizes&quot;:[]},&quot;_transform_scale_effect_hover_mobile&quot;:{&quot;unit&quot;:&quot;px&quot;,&quot;size&quot;:&quot;&quot;,&quot;sizes&quot;:[]}}\">\n\t\t\t\t<div class=\"elementor-element elementor-element-91cabd0 elementor-widget elementor-widget-heading\" data-id=\"91cabd0\" data-element_type=\"widget\" data-e-type=\"widget\" data-widget_type=\"heading.default\">\n\t\t\t\t<div class=\"elementor-widget-container\">\n\t\t\t\t\t<p class=\"elementor-heading-title elementor-size-default\">PLAC ZABAW<BR> DLA DZIECI<\/p>\t\t\t\t<\/div>\n\t\t\t\t<\/div>\n\t\t\t\t<\/div>\n\t\t<div class=\"elementor-element elementor-element-49d8bc5 e-con-full e-transform e-flex e-con e-child\" data-id=\"49d8bc5\" data-element_type=\"container\" data-e-type=\"container\" data-settings=\"{&quot;background_background&quot;:&quot;classic&quot;,&quot;_transform_scale_effect_hover&quot;:{&quot;unit&quot;:&quot;px&quot;,&quot;size&quot;:1.1,&quot;sizes&quot;:[]},&quot;_transform_scale_effect_hover_tablet&quot;:{&quot;unit&quot;:&quot;px&quot;,&quot;size&quot;:&quot;&quot;,&quot;sizes&quot;:[]},&quot;_transform_scale_effect_hover_mobile&quot;:{&quot;unit&quot;:&quot;px&quot;,&quot;size&quot;:&quot;&quot;,&quot;sizes&quot;:[]}}\">\n\t\t\t\t<div class=\"elementor-element elementor-element-5f294c8 elementor-widget elementor-widget-heading\" data-id=\"5f294c8\" data-element_type=\"widget\" data-e-type=\"widget\" data-widget_type=\"heading.default\">\n\t\t\t\t<div class=\"elementor-widget-container\">\n\t\t\t\t\t<p class=\"elementor-heading-title elementor-size-default\">DU\u017bE TARASY<BR> Z WYPOSA\u017bENIEM<\/p>\t\t\t\t<\/div>\n\t\t\t\t<\/div>\n\t\t\t\t<\/div>\n\t\t\t\t\t<\/div>\n\t\t\t\t<\/div>\n\t\t<div class=\"elementor-element elementor-element-6beb850 e-flex e-con-boxed e-con e-parent\" data-id=\"6beb850\" data-element_type=\"container\" data-e-type=\"container\">\n\t\t\t\t\t<div class=\"e-con-inner\">\n\t\t<div class=\"elementor-element elementor-element-db94e33 e-con-full e-transform e-flex e-con e-child\" data-id=\"db94e33\" data-element_type=\"container\" data-e-type=\"container\" data-settings=\"{&quot;background_background&quot;:&quot;classic&quot;,&quot;_transform_scale_effect_hover&quot;:{&quot;unit&quot;:&quot;px&quot;,&quot;size&quot;:1.1,&quot;sizes&quot;:[]},&quot;_transform_scale_effect_hover_tablet&quot;:{&quot;unit&quot;:&quot;px&quot;,&quot;size&quot;:&quot;&quot;,&quot;sizes&quot;:[]},&quot;_transform_scale_effect_hover_mobile&quot;:{&quot;unit&quot;:&quot;px&quot;,&quot;size&quot;:&quot;&quot;,&quot;sizes&quot;:[]}}\">\n\t\t\t\t<div class=\"elementor-element elementor-element-b1bb111 elementor-widget elementor-widget-heading\" data-id=\"b1bb111\" data-element_type=\"widget\" data-e-type=\"widget\" data-widget_type=\"heading.default\">\n\t\t\t\t<div class=\"elementor-widget-container\">\n\t\t\t\t\t<p class=\"elementor-heading-title elementor-size-default\">PRYWATNE BALIE<BR> OGRZEWANE <BR> DREWNEM<\/p>\t\t\t\t<\/div>\n\t\t\t\t<\/div>\n\t\t\t\t<\/div>\n\t\t<div class=\"elementor-element elementor-element-7879414 e-con-full e-transform e-flex e-con e-child\" data-id=\"7879414\" data-element_type=\"container\" data-e-type=\"container\" data-settings=\"{&quot;background_background&quot;:&quot;classic&quot;,&quot;_transform_scale_effect_hover&quot;:{&quot;unit&quot;:&quot;px&quot;,&quot;size&quot;:1.1,&quot;sizes&quot;:[]},&quot;_transform_scale_effect_hover_tablet&quot;:{&quot;unit&quot;:&quot;px&quot;,&quot;size&quot;:&quot;&quot;,&quot;sizes&quot;:[]},&quot;_transform_scale_effect_hover_mobile&quot;:{&quot;unit&quot;:&quot;px&quot;,&quot;size&quot;:&quot;&quot;,&quot;sizes&quot;:[]}}\">\n\t\t\t\t<div class=\"elementor-element elementor-element-3f1172b elementor-widget elementor-widget-heading\" data-id=\"3f1172b\" data-element_type=\"widget\" data-e-type=\"widget\" data-widget_type=\"heading.default\">\n\t\t\t\t<div class=\"elementor-widget-container\">\n\t\t\t\t\t<p class=\"elementor-heading-title elementor-size-default\">DU\u017bA WIATA<BR> Z PALENISKIEM<\/p>\t\t\t\t<\/div>\n\t\t\t\t<\/div>\n\t\t\t\t<\/div>\n\t\t<div class=\"elementor-element elementor-element-e5589c2 e-con-full e-transform e-flex e-con e-child\" data-id=\"e5589c2\" data-element_type=\"container\" data-e-type=\"container\" data-settings=\"{&quot;background_background&quot;:&quot;classic&quot;,&quot;_transform_scale_effect_hover&quot;:{&quot;unit&quot;:&quot;px&quot;,&quot;size&quot;:1.1,&quot;sizes&quot;:[]},&quot;_transform_scale_effect_hover_tablet&quot;:{&quot;unit&quot;:&quot;px&quot;,&quot;size&quot;:&quot;&quot;,&quot;sizes&quot;:[]},&quot;_transform_scale_effect_hover_mobile&quot;:{&quot;unit&quot;:&quot;px&quot;,&quot;size&quot;:&quot;&quot;,&quot;sizes&quot;:[]}}\">\n\t\t\t\t<div class=\"elementor-element elementor-element-4eeff31 elementor-widget elementor-widget-heading\" data-id=\"4eeff31\" data-element_type=\"widget\" data-e-type=\"widget\" data-widget_type=\"heading.default\">\n\t\t\t\t<div class=\"elementor-widget-container\">\n\t\t\t\t\t<p class=\"elementor-heading-title elementor-size-default\">PRYWATNE<br>\nGRILLE<br>\nORAZ DREWNO<br>\nDO BALII<\/p>\t\t\t\t<\/div>\n\t\t\t\t<\/div>\n\t\t\t\t<\/div>\n\t\t\t\t\t<\/div>\n\t\t\t\t<\/div>\n\t\t<div class=\"elementor-element elementor-element-f061d5f e-flex e-con-boxed e-con e-parent\" data-id=\"f061d5f\" data-element_type=\"container\" data-e-type=\"container\">\n\t\t\t\t\t<div class=\"e-con-inner\">\n\t\t<div class=\"elementor-element elementor-element-b35fa7a e-con-full e-transform e-flex e-con e-child\" data-id=\"b35fa7a\" data-element_type=\"container\" data-e-type=\"container\" data-settings=\"{&quot;background_background&quot;:&quot;classic&quot;,&quot;_transform_scale_effect_hover&quot;:{&quot;unit&quot;:&quot;px&quot;,&quot;size&quot;:1.1,&quot;sizes&quot;:[]},&quot;_transform_scale_effect_hover_tablet&quot;:{&quot;unit&quot;:&quot;px&quot;,&quot;size&quot;:&quot;&quot;,&quot;sizes&quot;:[]},&quot;_transform_scale_effect_hover_mobile&quot;:{&quot;unit&quot;:&quot;px&quot;,&quot;size&quot;:&quot;&quot;,&quot;sizes&quot;:[]}}\">\n\t\t\t\t<div class=\"elementor-element elementor-element-3429883 elementor-widget elementor-widget-heading\" data-id=\"3429883\" data-element_type=\"widget\" data-e-type=\"widget\" data-widget_type=\"heading.default\">\n\t\t\t\t<div class=\"elementor-widget-container\">\n\t\t\t\t\t<p class=\"elementor-heading-title elementor-size-default\">TARAS<BR> Z WIDOKIEM<\/p>\t\t\t\t<\/div>\n\t\t\t\t<\/div>\n\t\t\t\t<\/div>\n\t\t<div class=\"elementor-element elementor-element-ddea257 e-con-full e-transform e-flex e-con e-child\" data-id=\"ddea257\" data-element_type=\"container\" data-e-type=\"container\" data-settings=\"{&quot;background_background&quot;:&quot;classic&quot;,&quot;_transform_scale_effect_hover&quot;:{&quot;unit&quot;:&quot;px&quot;,&quot;size&quot;:1.1,&quot;sizes&quot;:[]},&quot;_transform_scale_effect_hover_tablet&quot;:{&quot;unit&quot;:&quot;px&quot;,&quot;size&quot;:&quot;&quot;,&quot;sizes&quot;:[]},&quot;_transform_scale_effect_hover_mobile&quot;:{&quot;unit&quot;:&quot;px&quot;,&quot;size&quot;:&quot;&quot;,&quot;sizes&quot;:[]}}\">\n\t\t\t\t<div class=\"elementor-element elementor-element-caa5ac6 elementor-widget elementor-widget-heading\" data-id=\"caa5ac6\" data-element_type=\"widget\" data-e-type=\"widget\" data-widget_type=\"heading.default\">\n\t\t\t\t<div class=\"elementor-widget-container\">\n\t\t\t\t\t<p class=\"elementor-heading-title elementor-size-default\">ZESTAW <BR> R\u0118CZNIK\u00d3W <BR> I SZLAFROK\u00d3W<\/p>\t\t\t\t<\/div>\n\t\t\t\t<\/div>\n\t\t\t\t<\/div>\n\t\t<div class=\"elementor-element elementor-element-428569f e-con-full e-transform e-flex e-con e-child\" data-id=\"428569f\" data-element_type=\"container\" data-e-type=\"container\" data-settings=\"{&quot;background_background&quot;:&quot;classic&quot;,&quot;_transform_scale_effect_hover&quot;:{&quot;unit&quot;:&quot;px&quot;,&quot;size&quot;:1.1,&quot;sizes&quot;:[]},&quot;_transform_scale_effect_hover_tablet&quot;:{&quot;unit&quot;:&quot;px&quot;,&quot;size&quot;:&quot;&quot;,&quot;sizes&quot;:[]},&quot;_transform_scale_effect_hover_mobile&quot;:{&quot;unit&quot;:&quot;px&quot;,&quot;size&quot;:&quot;&quot;,&quot;sizes&quot;:[]}}\">\n\t\t\t\t<div class=\"elementor-element elementor-element-2ff1b44 elementor-widget elementor-widget-heading\" data-id=\"2ff1b44\" data-element_type=\"widget\" data-e-type=\"widget\" data-widget_type=\"heading.default\">\n\t\t\t\t<div class=\"elementor-widget-container\">\n\t\t\t\t\t<p class=\"elementor-heading-title elementor-size-default\">P\u0141YTA  INDUKCYJNA<BR> PIEKARNIK <BR> I ZMYWARKA<\/p>\t\t\t\t<\/div>\n\t\t\t\t<\/div>\n\t\t\t\t<\/div>\n\t\t\t\t\t<\/div>\n\t\t\t\t<\/div>\n\t\t<div class=\"elementor-element elementor-element-867bfea e-flex e-con-boxed e-con e-parent\" data-id=\"867bfea\" data-element_type=\"container\" data-e-type=\"container\">\n\t\t\t\t\t<div class=\"e-con-inner\">\n\t\t<div class=\"elementor-element elementor-element-9bf38f7 e-con-full e-transform e-flex e-con e-child\" data-id=\"9bf38f7\" data-element_type=\"container\" data-e-type=\"container\" data-settings=\"{&quot;background_background&quot;:&quot;classic&quot;,&quot;_transform_scale_effect_hover&quot;:{&quot;unit&quot;:&quot;px&quot;,&quot;size&quot;:1.1,&quot;sizes&quot;:[]},&quot;_transform_scale_effect_hover_tablet&quot;:{&quot;unit&quot;:&quot;px&quot;,&quot;size&quot;:&quot;&quot;,&quot;sizes&quot;:[]},&quot;_transform_scale_effect_hover_mobile&quot;:{&quot;unit&quot;:&quot;px&quot;,&quot;size&quot;:&quot;&quot;,&quot;sizes&quot;:[]}}\">\n\t\t\t\t<div class=\"elementor-element elementor-element-81b51b2 elementor-widget elementor-widget-heading\" data-id=\"81b51b2\" data-element_type=\"widget\" data-e-type=\"widget\" data-widget_type=\"heading.default\">\n\t\t\t\t<div class=\"elementor-widget-container\">\n\t\t\t\t\t<p class=\"elementor-heading-title elementor-size-default\">SMART TV<BR> Z WIFI<\/p>\t\t\t\t<\/div>\n\t\t\t\t<\/div>\n\t\t\t\t<\/div>\n\t\t<div class=\"elementor-element elementor-element-9cc01a4 e-con-full e-transform e-flex e-con e-child\" data-id=\"9cc01a4\" data-element_type=\"container\" data-e-type=\"container\" data-settings=\"{&quot;background_background&quot;:&quot;classic&quot;,&quot;_transform_scale_effect_hover&quot;:{&quot;unit&quot;:&quot;px&quot;,&quot;size&quot;:1.1,&quot;sizes&quot;:[]},&quot;_transform_scale_effect_hover_tablet&quot;:{&quot;unit&quot;:&quot;px&quot;,&quot;size&quot;:&quot;&quot;,&quot;sizes&quot;:[]},&quot;_transform_scale_effect_hover_mobile&quot;:{&quot;unit&quot;:&quot;px&quot;,&quot;size&quot;:&quot;&quot;,&quot;sizes&quot;:[]}}\">\n\t\t\t\t<div class=\"elementor-element elementor-element-8698b48 elementor-widget elementor-widget-heading\" data-id=\"8698b48\" data-element_type=\"widget\" data-e-type=\"widget\" data-widget_type=\"heading.default\">\n\t\t\t\t<div class=\"elementor-widget-container\">\n\t\t\t\t\t<p class=\"elementor-heading-title elementor-size-default\">KOMINEK <BR> TYPU KOZA <BR> Z DREWNEM<\/p>\t\t\t\t<\/div>\n\t\t\t\t<\/div>\n\t\t\t\t<\/div>\n\t\t<div class=\"elementor-element elementor-element-833a331 e-con-full e-transform e-flex e-con e-child\" data-id=\"833a331\" data-element_type=\"container\" data-e-type=\"container\" data-settings=\"{&quot;background_background&quot;:&quot;classic&quot;,&quot;_transform_scale_effect_hover&quot;:{&quot;unit&quot;:&quot;px&quot;,&quot;size&quot;:1.1,&quot;sizes&quot;:[]},&quot;_transform_scale_effect_hover_tablet&quot;:{&quot;unit&quot;:&quot;px&quot;,&quot;size&quot;:&quot;&quot;,&quot;sizes&quot;:[]},&quot;_transform_scale_effect_hover_mobile&quot;:{&quot;unit&quot;:&quot;px&quot;,&quot;size&quot;:&quot;&quot;,&quot;sizes&quot;:[]}}\">\n\t\t\t\t<div class=\"elementor-element elementor-element-c21d31f elementor-widget elementor-widget-heading\" data-id=\"c21d31f\" data-element_type=\"widget\" data-e-type=\"widget\" data-widget_type=\"heading.default\">\n\t\t\t\t<div class=\"elementor-widget-container\">\n\t\t\t\t\t<p class=\"elementor-heading-title elementor-size-default\">CI\u015aNIENIOWY<BR> EKSPRES <BR>  DO KAWY<\/p>\t\t\t\t<\/div>\n\t\t\t\t<\/div>\n\t\t\t\t<\/div>\n\t\t\t\t\t<\/div>\n\t\t\t\t<\/div>\n\t\t\t\t<\/div>\n\t\t","protected":false},"excerpt":{"rendered":"<p>MI\u00d3D MALINA OSADA ISTEBNA ZOBACZ WI\u0118CEJ NARCIARNIA PLAC ZABAW DLA DZIECI DU\u017bE TARASY Z WYPOSA\u017bENIEM PRYWATNE BALIE OGRZEWANE DREWNEM DU\u017bA WIATA Z PALENISKIEM PRYWATNE GRILLE ORAZ DREWNO DO BALII TARAS Z WIDOKIEM ZESTAW R\u0118CZNIK\u00d3W I SZLAFROK\u00d3W P\u0141YTA INDUKCYJNA PIEKARNIK I ZMYWARKA SMART TV Z WIFI KOMINEK TYPU KOZA Z DREWNEM CI\u015aNIENIOWY EKSPRES DO KAWY<\/p>\n","protected":false},"author":1,"featured_media":0,"parent":0,"menu_order":0,"comment_status":"closed","ping_status":"closed","template":"","meta":{"_kad_post_transparent":"","_kad_post_title":"hide","_kad_post_layout":"fullwidth","_kad_post_sidebar_id":"","_kad_post_content_style":"unboxed","_kad_post_vertical_padding":"hide","_kad_post_feature":"hide","_kad_post_feature_position":"","_kad_post_header":false,"_kad_post_footer":false,"_kad_post_classname":"","footnotes":""},"class_list":["post-20","page","type-page","status-publish","hentry"],"yoast_head":"<!-- This site is optimized with the Yoast SEO plugin v27.2 - https:\/\/yoast.com\/product\/yoast-seo-wordpress\/ -->\n<title>Udogodnienia - Mi\u00f3d malina<\/title>\n<meta name=\"robots\" content=\"index, follow, max-snippet:-1, max-image-preview:large, max-video-preview:-1\" \/>\n<link rel=\"canonical\" href=\"https:\/\/osadamiodmalina.pl\/index.php\/udogodnienia\/\" \/>\n<meta property=\"og:locale\" content=\"pl_PL\" \/>\n<meta property=\"og:type\" content=\"article\" \/>\n<meta property=\"og:title\" content=\"Udogodnienia - Mi\u00f3d malina\" \/>\n<meta property=\"og:description\" content=\"MI\u00d3D MALINA OSADA ISTEBNA ZOBACZ WI\u0118CEJ NARCIARNIA PLAC ZABAW DLA DZIECI DU\u017bE TARASY Z WYPOSA\u017bENIEM PRYWATNE BALIE OGRZEWANE DREWNEM DU\u017bA WIATA Z PALENISKIEM PRYWATNE GRILLE ORAZ DREWNO DO BALII TARAS Z WIDOKIEM ZESTAW R\u0118CZNIK\u00d3W I SZLAFROK\u00d3W P\u0141YTA INDUKCYJNA PIEKARNIK I ZMYWARKA SMART TV Z WIFI KOMINEK TYPU KOZA Z DREWNEM CI\u015aNIENIOWY EKSPRES DO KAWY\" \/>\n<meta property=\"og:url\" content=\"https:\/\/osadamiodmalina.pl\/index.php\/udogodnienia\/\" \/>\n<meta property=\"og:site_name\" content=\"Mi\u00f3d malina\" \/>\n<meta property=\"article:publisher\" content=\"https:\/\/www.facebook.com\/profile.php?id=100094880352115\" \/>\n<meta property=\"article:modified_time\" content=\"2025-04-16T11:38:00+00:00\" \/>\n<meta name=\"twitter:card\" content=\"summary_large_image\" \/>\n<meta name=\"twitter:label1\" content=\"Szacowany czas czytania\" \/>\n\t<meta name=\"twitter:data1\" content=\"1 minuta\" \/>\n<script type=\"application\/ld+json\" class=\"yoast-schema-graph\">{\"@context\":\"https:\/\/schema.org\",\"@graph\":[{\"@type\":\"WebPage\",\"@id\":\"https:\/\/osadamiodmalina.pl\/index.php\/udogodnienia\/\",\"url\":\"https:\/\/osadamiodmalina.pl\/index.php\/udogodnienia\/\",\"name\":\"Udogodnienia - Mi\u00f3d malina\",\"isPartOf\":{\"@id\":\"https:\/\/osadamiodmalina.pl\/#website\"},\"datePublished\":\"2024-01-22T17:12:40+00:00\",\"dateModified\":\"2025-04-16T11:38:00+00:00\",\"breadcrumb\":{\"@id\":\"https:\/\/osadamiodmalina.pl\/index.php\/udogodnienia\/#breadcrumb\"},\"inLanguage\":\"pl-PL\",\"potentialAction\":[{\"@type\":\"ReadAction\",\"target\":[\"https:\/\/osadamiodmalina.pl\/index.php\/udogodnienia\/\"]}]},{\"@type\":\"BreadcrumbList\",\"@id\":\"https:\/\/osadamiodmalina.pl\/index.php\/udogodnienia\/#breadcrumb\",\"itemListElement\":[{\"@type\":\"ListItem\",\"position\":1,\"name\":\"Strona g\u0142\u00f3wna\",\"item\":\"https:\/\/osadamiodmalina.pl\/\"},{\"@type\":\"ListItem\",\"position\":2,\"name\":\"Udogodnienia\"}]},{\"@type\":\"WebSite\",\"@id\":\"https:\/\/osadamiodmalina.pl\/#website\",\"url\":\"https:\/\/osadamiodmalina.pl\/\",\"name\":\"Mi\u00f3d malina\",\"description\":\"\",\"publisher\":{\"@id\":\"https:\/\/osadamiodmalina.pl\/#organization\"},\"potentialAction\":[{\"@type\":\"SearchAction\",\"target\":{\"@type\":\"EntryPoint\",\"urlTemplate\":\"https:\/\/osadamiodmalina.pl\/?s={search_term_string}\"},\"query-input\":{\"@type\":\"PropertyValueSpecification\",\"valueRequired\":true,\"valueName\":\"search_term_string\"}}],\"inLanguage\":\"pl-PL\"},{\"@type\":\"Organization\",\"@id\":\"https:\/\/osadamiodmalina.pl\/#organization\",\"name\":\"Mi\u00f3d malina\",\"url\":\"https:\/\/osadamiodmalina.pl\/\",\"logo\":{\"@type\":\"ImageObject\",\"inLanguage\":\"pl-PL\",\"@id\":\"https:\/\/osadamiodmalina.pl\/#\/schema\/logo\/image\/\",\"url\":\"https:\/\/osadamiodmalina.pl\/wp-content\/uploads\/2024\/01\/favicon.png\",\"contentUrl\":\"https:\/\/osadamiodmalina.pl\/wp-content\/uploads\/2024\/01\/favicon.png\",\"width\":256,\"height\":256,\"caption\":\"Mi\u00f3d malina\"},\"image\":{\"@id\":\"https:\/\/osadamiodmalina.pl\/#\/schema\/logo\/image\/\"},\"sameAs\":[\"https:\/\/www.facebook.com\/profile.php?id=100094880352115\"]}]}<\/script>\n<!-- \/ Yoast SEO plugin. -->","yoast_head_json":{"title":"Udogodnienia - Mi\u00f3d malina","robots":{"index":"index","follow":"follow","max-snippet":"max-snippet:-1","max-image-preview":"max-image-preview:large","max-video-preview":"max-video-preview:-1"},"canonical":"https:\/\/osadamiodmalina.pl\/index.php\/udogodnienia\/","og_locale":"pl_PL","og_type":"article","og_title":"Udogodnienia - Mi\u00f3d malina","og_description":"MI\u00d3D MALINA OSADA ISTEBNA ZOBACZ WI\u0118CEJ NARCIARNIA PLAC ZABAW DLA DZIECI DU\u017bE TARASY Z WYPOSA\u017bENIEM PRYWATNE BALIE OGRZEWANE DREWNEM DU\u017bA WIATA Z PALENISKIEM PRYWATNE GRILLE ORAZ DREWNO DO BALII TARAS Z WIDOKIEM ZESTAW R\u0118CZNIK\u00d3W I SZLAFROK\u00d3W P\u0141YTA INDUKCYJNA PIEKARNIK I ZMYWARKA SMART TV Z WIFI KOMINEK TYPU KOZA Z DREWNEM CI\u015aNIENIOWY EKSPRES DO KAWY","og_url":"https:\/\/osadamiodmalina.pl\/index.php\/udogodnienia\/","og_site_name":"Mi\u00f3d malina","article_publisher":"https:\/\/www.facebook.com\/profile.php?id=100094880352115","article_modified_time":"2025-04-16T11:38:00+00:00","twitter_card":"summary_large_image","twitter_misc":{"Szacowany czas czytania":"1 minuta"},"schema":{"@context":"https:\/\/schema.org","@graph":[{"@type":"WebPage","@id":"https:\/\/osadamiodmalina.pl\/index.php\/udogodnienia\/","url":"https:\/\/osadamiodmalina.pl\/index.php\/udogodnienia\/","name":"Udogodnienia - Mi\u00f3d malina","isPartOf":{"@id":"https:\/\/osadamiodmalina.pl\/#website"},"datePublished":"2024-01-22T17:12:40+00:00","dateModified":"2025-04-16T11:38:00+00:00","breadcrumb":{"@id":"https:\/\/osadamiodmalina.pl\/index.php\/udogodnienia\/#breadcrumb"},"inLanguage":"pl-PL","potentialAction":[{"@type":"ReadAction","target":["https:\/\/osadamiodmalina.pl\/index.php\/udogodnienia\/"]}]},{"@type":"BreadcrumbList","@id":"https:\/\/osadamiodmalina.pl\/index.php\/udogodnienia\/#breadcrumb","itemListElement":[{"@type":"ListItem","position":1,"name":"Strona g\u0142\u00f3wna","item":"https:\/\/osadamiodmalina.pl\/"},{"@type":"ListItem","position":2,"name":"Udogodnienia"}]},{"@type":"WebSite","@id":"https:\/\/osadamiodmalina.pl\/#website","url":"https:\/\/osadamiodmalina.pl\/","name":"Mi\u00f3d malina","description":"","publisher":{"@id":"https:\/\/osadamiodmalina.pl\/#organization"},"potentialAction":[{"@type":"SearchAction","target":{"@type":"EntryPoint","urlTemplate":"https:\/\/osadamiodmalina.pl\/?s={search_term_string}"},"query-input":{"@type":"PropertyValueSpecification","valueRequired":true,"valueName":"search_term_string"}}],"inLanguage":"pl-PL"},{"@type":"Organization","@id":"https:\/\/osadamiodmalina.pl\/#organization","name":"Mi\u00f3d malina","url":"https:\/\/osadamiodmalina.pl\/","logo":{"@type":"ImageObject","inLanguage":"pl-PL","@id":"https:\/\/osadamiodmalina.pl\/#\/schema\/logo\/image\/","url":"https:\/\/osadamiodmalina.pl\/wp-content\/uploads\/2024\/01\/favicon.png","contentUrl":"https:\/\/osadamiodmalina.pl\/wp-content\/uploads\/2024\/01\/favicon.png","width":256,"height":256,"caption":"Mi\u00f3d malina"},"image":{"@id":"https:\/\/osadamiodmalina.pl\/#\/schema\/logo\/image\/"},"sameAs":["https:\/\/www.facebook.com\/profile.php?id=100094880352115"]}]}},"_links":{"self":[{"href":"https:\/\/osadamiodmalina.pl\/index.php\/wp-json\/wp\/v2\/pages\/20","targetHints":{"allow":["GET"]}}],"collection":[{"href":"https:\/\/osadamiodmalina.pl\/index.php\/wp-json\/wp\/v2\/pages"}],"about":[{"href":"https:\/\/osadamiodmalina.pl\/index.php\/wp-json\/wp\/v2\/types\/page"}],"author":[{"embeddable":true,"href":"https:\/\/osadamiodmalina.pl\/index.php\/wp-json\/wp\/v2\/users\/1"}],"replies":[{"embeddable":true,"href":"https:\/\/osadamiodmalina.pl\/index.php\/wp-json\/wp\/v2\/comments?post=20"}],"version-history":[{"count":34,"href":"https:\/\/osadamiodmalina.pl\/index.php\/wp-json\/wp\/v2\/pages\/20\/revisions"}],"predecessor-version":[{"id":498,"href":"https:\/\/osadamiodmalina.pl\/index.php\/wp-json\/wp\/v2\/pages\/20\/revisions\/498"}],"wp:attachment":[{"href":"https:\/\/osadamiodmalina.pl\/index.php\/wp-json\/wp\/v2\/media?parent=20"}],"curies":[{"name":"wp","href":"https:\/\/api.w.org\/{rel}","templated":true}]}}